 common factor of 354 and 45312?
354
What is the greatest common divisor of 385 and 70?
35
What is the highest common factor of 744 and 72?
24
Calculate the highest common divisor of 459 and 18.
9
Calculate the greatest common factor of 4452 and 336.
84
What is the highest common factor of 10 and 1260?
10
What is the greatest common factor of 3234 and 98?
98
What is the highest common divisor of 450 and 30?
30
Calculate the greatest common divisor of 672 and 13664.
224
Calculate the greatest common factor of 655 and 262.
131
What is the highest common factor of 36 and 1764?
36
What is the highest common factor of 48 and 132?
12
What is the greatest common factor of 156 and 7683?
39
Calculate the highest common divisor of 285 and 1965.
15
What is the greatest common factor of 5 and 205?
5
Calculate the highest common divisor of 8 and 7736.
8
Calculate the greatest common divisor of 11900 and 1050.
350
Calculate the highest common divisor of 504 and 18312.
168
Calculate the greatest common divisor of 39 and 39.
39
Calculate the greatest common factor of 114 and 1311.
57
What is the highest common divisor of 112 and 73808?
112
Calculate the greatest common factor of 8856 and 1512.
216
What is the greatest common factor of 189 and 574?
7
What is the greatest common divisor of 644 and 308?
28
What is the highest common divisor of 144 and 400?
16
Calculate the highest common divisor of 3 and 15.
3
What is the greatest common factor of 30 and 6810?
30
Calculate the greatest common divisor of 2268 and 70.
14
What is the greatest common factor of 99 and 121?
11
Calculate the highest common factor of 15 and 80.
5
What is the highest common factor of 94 and 12079?
47
Calculate the highest common factor of 36 and 324.
36
Calculate the greatest common divisor of 11 and 17677.
11
Calculate the highest common factor of 1207 and 71.
71
What is the greatest common factor of 54 and 558?
18
What is the highest common factor of 9 and 7929?
9
Calculate the greatest common divisor of 2 and 339.
1
Calculate the greatest common factor of 338 and 26.
26
Calculate the highest common divisor of 564 and 60.
12
Calculate the greatest common divisor of 34 and 6.
2
What is the highest common divisor of 1859 and 396?
11
Calculate the greatest common factor of 1826 and 44.
22
Calculate the highest common divisor of 8888 and 40.
8
What is the greatest common divisor of 153 and 279?
9
Calculate the greatest common factor of 2 and 210.
2
Calculate the greatest common divisor of 58 and 406.
58
Calculate the highest common factor of 231 and 99.
33
Calculate the highest common factor of 1710 and 180.
90
What is the greatest common divisor of 10 and 895?
5
Calculate the greatest common factor of 780 and 135.
15
What is the highest common factor of 42 and 21504?
42
What is the highest common divisor of 1355 and 6233?
271
Calculate the highest common factor of 10 and 1210.
10
What is the highest common divisor of 171 and 1140?
57
Calculate the greatest common divisor of 154 and 28.
14
Calculate the greatest common divisor of 144 and 96.
48
What is the highest common divisor of 78 and 897?
39
What is the highest common factor of 10 and 69710?
10
What is the greatest common divisor of 1298 and 22?
22
Calculate the greatest common divisor of 214 and 321.
107
Calculate the highest common factor of 628 and 2041.
157
What is the greatest common divisor of 14455 and 49?
49
What is the highest common divisor of 1904 and 112?
112
Calculate the highest common factor of 17505 and 15.
15
What is the highest common factor of 7 and 217?
7
Calculate the highest common divisor of 70 and 80.
10
Calculate the highest common divisor of 54 and 2916.
54
What is the highest common factor of 243 and 9?
9
What is the greatest common divisor of 1072 and 48?
16
What is the greatest common factor of 384 and 1992?
24
Calculate the highest common divisor of 132 and 24.
12
Calculate the greatest common factor of 26 and 3874.
26
Calculate the highest common divisor of 68 and 646.
34
What is the highest common factor of 156 and 1664?
52
What is the highest common divisor of 27083 and 219?
73
What is the greatest common divisor of 124 and 899?
31
What is the greatest common divisor of 56 and 224?
56
What is the greatest common factor of 7661 and 141?
47
Calculate the highest common divisor of 16048 and 1360.
272
What is the greatest common divisor of 855 and 30?
15
What is the highest common divisor of 2483 and 4393?
191
What is the highest common divisor of 99 and 9?
9
Calculate the highest common divisor of 30 and 40.
10
Calculate the highest common divisor of 54 and 144.
18
Calculate the highest common divisor of 1023 and 33.
33
What is the highest common factor of 5726 and 14?
14
What is the greatest common divisor of 266 and 224?
14
What is the greatest common factor of 16 and 6152?
8
What is the greatest common divisor of 252 and 168?
84
What is the highest common divisor of 148 and 33966?
74
What is the greatest common divisor of 17 and 1003?
17
Calculate the highest common factor of 943 and 328.
41
What is the highest common divisor of 231 and 3157?
77
Calculate the greatest common divisor of 89 and 623.
89
What is the highest common divisor of 92 and 212?
4
Calculate the greatest common divisor of 87828 and 312.
156
What is the greatest common divisor of 62 and 310?
62
What is the highest common divisor of 529 and 69?
23
Calculate the greatest common factor of 325 and 52.
13
What is the highest common factor of 26 and 2106?
26
Calculate the highest common factor of 414 and 18423.
207
Calculate the highest common divisor of 3066 and 42.
42
Calculate the greatest common divisor of 204 and 60.
12
What is the highest common divisor of 768 and 32?
32
What is the greatest common divisor of 9 and 477?
9
What is the highest common factor of 55 and 11297?
11
What is the highest common divisor of 2 and 187?
1
What is the greatest common factor of 34 and 6?
2
Calculate the greatest common divisor of 154 and 1254.
22
Calculate the highest common divisor of 518 and 1022.
14
Calculate the greatest common factor of 2565 and 15.
15
What is the greatest common divisor of 125 and 5?
5
What is the greatest common factor of 310 and 30?
10
What is the highest common factor of 10428 and 594?
66
Calculate the highest common factor of 1647 and 54.
27
What is the highest common divisor of 169 and 403?
13
What is the highest common divisor of 3588 and 36?
12
What is the highest common divisor of 43 and 5504?
43
Calculate the greatest common factor of 11 and 1529.
11
Calculate the greatest common divisor of 18 and 90.
18
Calculate the highest common factor of 133 and 7.
7
What is the highest common factor of 133 and 3971?
19
What is the highest common divisor of 117 and 273?
39
Calculate the greatest common divisor of 68 and 2516.
68
What is the highest common divisor of 80 and 30980?
20
Calculate the greatest common divisor of 5012 and 224.
28
What is the highest common divisor of 2392 and 104?
104
Calculate the highest common factor of 14 and 266.
14
Calculate the greatest common divisor of 796 and 3383.
199
Calculate the greatest common divisor of 255 and 90.
15
What is the greatest common divisor of 400 and 1850?
50
Calculate the highest common factor of 512 and 832.
64
Calculate the greatest common factor of 11 and 143.
11
What is the greatest common divisor of 11148 and 12?
12
What is the highest common divisor of 540 and 60?
60
Calculate the greatest common factor of 224 and 28.
28
Calculate the greatest common divisor of 22 and 18766.
22
Calculate the highest common divisor of 54 and 24.
6
Calculate the greatest common divisor of 5082 and 385.
77
What is the greatest common factor of 32 and 428?
4
Calculate the greatest common divisor of 882 and 90.
18
Calculate the greatest common divisor of 8 and 344.
8
What is the greatest common factor of 408 and 64?
8
What is the greatest common factor of 100 and 12?
4
What is the highest common divisor of 76 and 1216?
76
Calculate the greatest common factor of 1862 and 152.
38
Calculate the greatest common divisor of 1153 and 1.
1
Calculate the greatest common divisor of 3364 and 580.
116
Calculate the highest common divisor of 720 and 1530.
90
What is the greatest common divisor of